 = -h. What is f(h)?
13
Let l be 21*(-4 - 55/(-15)). Let w(g) = -g - 2. Determine w(l).
5
Let x(p) = -59*p + 23 + 61*p + 1672*p**2 - 1673*p**2. Calculate x(0).
23
Suppose 3*m + 2*z - 8 + 1 = 0, m + 4*z + 1 = 0. Let d(o) = 10*o - m*o + 4*o. Let q be 1/(-8 + 32 + -23). Determine d(q).
11
Let d(m) be the second derivative of 5*m**3/6 + 3*m + 7. Let y be (-5 + 0)*(-36)/(-60). Calculate d(y).
-15
Let o(n) = -2*n**2 - 6*n - 6. Let q(i) = -3*i**2 - 7*i - 7. Let r(u) = -6*o(u) + 5*q(u). What is r(-2)?
-13
Let z(s) = 3*s - 6. Let f(u) = 4*u - 10. Let y(t) = 2*f(t) - 3*z(t). Give y(5).
-7
Let j(d) = -6*d - 6. Let h(f) = -7*f - 7. Let s(r) = -3*h(r) + 4*j(r). Calculate s(4).
-15
Let p be -2*(0/(-4) + -4). Suppose -5*g - 32 = p. Let u(z) = z + 12. Let b be u(g). Let n(w) = w - 5. Determine n(b).
-1
Suppose -14 - 6 = -4*d, -5*b = -2*d + 80. Let m = b - -23. Let c be (m/15)/(1/5). Let y(v) = v**2 - 3*v + 4. Calculate y(c).
4
Suppose 0 = 3*i - 0*i + 18. Let f(n) = 3*n + 14. Let h(m) = -3*m - 19. Let u(y) = 3*f(y) + 2*h(y). Give u(i).
-14
Let n(j) = -j**3 - 2*j**2 + 6*j + 3. Suppose -25 = -4*x - 5. Suppose -t = -y + 37, x*t - 24 = 3*y - 219. Let m be t/11 + (-2)/11. Determine n(m).
11
Let g(b) = 12 - 3*b + 2*b**2 - 51 + 14 + 2*b**3 + 26. Determine g(-3).
-26
Suppose 4*i + 20 = 8*i. Let k(c) be the third derivative of -c**4/12 - 5*c**2. Determine k(i).
-10
Let q(s) = 4*s + 26. Let l be q(-5). Suppose -1 = -l*z + 5. Let g(p) = -6*p - 1. Give g(z).
-7
Suppose 8*a - 4 + 28 = 0. Let y(g) = -g**3 - 2*g**2 + 3*g - 2. Give y(a).
-2
Let k(u) = -u**3 - 10*u**2 + 34*u - 65. Let c be k(-13). Let r(n) = n**2 - 2*n - 2. Calculate r(c).
-2
Suppose 3*d = -r - 3, 0 = -r + 6*d - 8*d. Let g(w) = 4*w - 5. Calculate g(r).
19
Let c(t) = t**2 + 6*t - 4. Let h be c(-7). Suppose h*x = -4 + 19. Let n(k) = k - 1. Give n(x).
4
Let q(s) = -2*s - 1. Let g(b) = -b + 18. Let h be g(10). Suppose 0 = 2*y + h*y - 40. Give q(y).
-9
Let a(x) = 2*x**2 - 4*x - 10. Let s(u) = 3*u**2 - 3*u - 11. Let h(b) = -5*a(b) + 4*s(b). Determine h(-6).
30
Suppose -5*c - 4*u - 36 = 0, 5*c + 70*u - 69*u = -24. Let w(x) = -3*x - 2 + 10 + 4*x. Calculate w(c).
4
Let t(j) = j**2 - 3*j + 3. Suppose 0 = 4*y + 4*v, 0 = 4*y + 7*v - 2*v + 2. What is t(y)?
1
Let m(u) = 4*u**2 + 3*u + 2. Let q(o) = -5*o**2 - 3*o - 3. Let k(a) = 6*m(a) + 5*q(a). Suppose -7*v - 41 = -20. Calculate k(v).
-21
Let f be 5/30*-6 + 8. Let w(y) = -y**3 + 7*y**2 - y - 5. What is w(f)?
-12
Let w be (32/12*-1)/((-21)/(-63)). Let i(u) = u**3 + 7*u**2 - 7*u - 5. What is i(w)?
-13
Suppose 5*o = -m + 2 + 6, 2*o + 3*m - 11 = 0. Let b(s) = 2168*s**2 + 2159*s**2 - 6522*s**2 + 2174*s**2 - s. Calculate b(o).
-22
Let l(s) = -2*s + 9. Let j(t) = 2*t**3 - 24*t**2 + 5*t - 60. Let q be j(12). What is l(q)?
9
Let m(q) = -q**2 - 9*q - 4. Suppose 4*o + 33 = -5*x, -o - 15 = 2*x - 0*o. Give m(x).
-4
Let k(u) be the second derivative of u**4/12 - 7*u**3/6 - 11*u**2/2 + u + 8. Calculate k(8).
-3
Let g(d) = -2*d**3 + 3. Let x(c) = c**3 + c**2 - 3. Let u(z) = 2*g(z) + 3*x(z). Let o be (1 - 2*2)/(-1). Determine u(o).
-3
Let i(u) = -u**2 - 3*u + 14. Let b be i(-6). Let l be (-126)/8 + 1/b. Let c = l + 20. Let k(p) = 2*p - 2. Determine k(c).
6
Let g be (1 - 2)*(3 - 0). Let i(z) = -z + 3*z - 31 + 21 + 13. Determine i(g).
-3
Let i be 3/(1 - 2/(-4)). Suppose 10*n = 6*n + 12. Let z(l) = 3 - n + 10*l**2 - 11*l**2 - 2 + 2*l. Give z(i).
-2
Suppose -103*q + 30 = -98*q. Let h(i) be the second derivative of -i**3/3 + 9*i**2/2 - 3*i. Determine h(q).
-3
Let x(r) = 4*r + 1. Suppose 0 = 2*q - 5*m + 15, q - 2*m = -q - 12. Give x(q).
-19
Suppose -5*g = 0, 6 = 3*v + 5*g - 4*g. Let k(c) = 13 - 5 - 9 - v*c. Calculate k(2).
-5
Let o(j) = j**2 - 7*j - 23. Let g be o(13). Suppose 17*s + g = 6*s. Let w(d) = 0 + d**3 - 1 + 2*d + 4*d**2 - 4*d. What is w(s)?
-16
Let k(c) = 11*c**2 - 3*c + 4. Let o(p) = 12*p**2 - 3*p + 5. Let y be (-11)/(33/(-24)) + -2. Let i(z) = y*o(z) - 7*k(z). Determine i(-2).
-24
Let r(p) = -20*p - 6. Let t(q) = -53*q - 17. Let f(a) = -8*r(a) + 3*t(a). Calculate f(2).
-1
Let a(h) = h**2 + 3*h - 7. Let m(y) = -y**2 + 8 - 2 - 3*y - 1. Let k be m(2). Give a(k).
3
Let i(p) be the third derivative of p**5/60 + p**4/12 - 5*p**3/6 - 8*p**2 - 4*p. Calculate i(-4).
3
Suppose 2*q - 4*a = 54, 4*a - 15 = -4*q + 3*q. Let d = 25 - q. Let z(h) = 8*h**3 - d - 7*h**3 - 3*h - 1. Calculate z(-2).
-5
Let x(f) be the second derivative of f**4/12 - f**3/3 + 36*f. Give x(-2).
8
Let n(a) = -2*a - 1. Suppose 2*d + t = 17 + 19, 0 = -3*d + 5*t + 80. Let g be (2 + 44/d)*-5. Let w = 18 + g. Determine n(w).
5
Let o(v) = -v**3 + 7*v**2 + 2*v - 1. Let q(x) = x**3 - 6*x**2 - x + 2. Let n(t) = 2*o(t) + 3*q(t). Give n(3).
-2
Let c(k) = -12 - k - k**2 + 13*k - 4. Let j be c(11). Let m(i) = -2*i. Let u(p) = -4*p. Let y(r) = 5*m(r) - 2*u(r). Give y(j).
10
Let v(b) = b**3 + 3*b**2 + 2*b + 1. Suppose 22 = 4*z - h, -2*z - 3*h + 6*h + 16 = 0. Suppose -5*n + 3*m - 15 = 8*m, n + z*m = -11. Determine v(n).
1
Let f(r) = 7134*r - 7131*r + r**2 - 5 + 6. Suppose -4*m = 4*n + 14 + 6, -4*n - 10 = -m. What is f(n)?
1
Let q be (-4)/18 + (-8556)/(-837). Let m(u) = -3*u + 16. What is m(q)?
-14
Let d(t) be the third derivative of -5/6*t**3 - 1/120*t**5 + 0 - 1/24*t**4 + 0*t + 3*t**2. Let x(h) be the first derivative of d(h). What is x(-2)?
1
Let r(v) = 4*v - 25. Let k(y) = -14*y + 77. Let l(u) = -4*k(u) - 13*r(u). Determine l(-6).
-7
Let b(j) = -6*j - 9*j - 3*j**2 + 0*j**2 - 7*j**2 + 11 + 11*j**2. Determine b(14).
-3
Let a(i) be the second derivative of i**6/144 + i**5/60 - 11*i**4/12 + 16*i. Let j(l) be the third derivative of a(l). What is j(-2)?
-8
Let b(c) = -3*c - 10. Let w(o) = 25*o + 67. Let s be w(-3). Determine b(s).
14
Let c(z) = 2*z**2 + 31*z + 20. Let u(t) = 1 - 11 - 10*t - 5*t - t**2. Let k(p) = -6*c(p) - 13*u(p). Determine k(-8).
2
Let a(n) = -3*n**2 + 3*n + 1. Let z(o) = 4*o**2 - 2*o - 1. Let p(l) = 3*a(l) + 2*z(l). Calculate p(4).
5
Let c be (2/(-6))/(4/60). Let o(m) = m**2 + m - 21. Give o(c).
-1
Let h(q) = -q**3 + q**2 + 3*q - 4. Let p(i) = i**2 + i - 1. Suppose 17 - 19 = -2*m. Let u(b) = m*h(b) - 3*p(b). What is u(-2)?
-1
Let y = -92 + 93. Let j(f) = 0*f - y - 1 - 4 - f. Determine j(-13).
7
Let r(l) be the first derivative of l**2/2 + 3*l + 10. Let z be (2/(-3))/(2/(-18)). Let x(o) = -o + 4. Let c be x(z). Determine r(c).
1
Let o(m) = -5*m + 4. Let d(c) be the third derivative of -c**4/4 + 5*c**3/6 - 5*c**2. Let y(a) = 3*d(a) - 4*o(a). What is y(-1)?
-3
Let c = -17 + 28. Let q = -5 + c. Let f(g) = 1 - 6*g + q*g + g - 4*g**2. Determine f(-1).
-4
Let m(l) = l - 12. Let r(h) be the third derivative of -h**4/12 + 2*h**3 - 2*h**2. Let g(d) = 3*m(d) + 2*r(d). Suppose 21*u = -21*u - 210. Determine g(u).
-7
Let l(q) = q**2 + q - 1. Suppose b + 5 = 0, 5*b = 3*j - 17 - 11. What is l(j)?
1
Let d(y) = -y**3 - 14*y**2 - 14*y + 6. Let i be d(-13). Suppose i*k + 45 = 14*k. Let a(x) = -x**3 - 10*x**2 - 8*x + 10. Calculate a(k).
1
Let s be (-3 + 11 - 15) + 9. Let g(h) be the second derivative of -h**3 - 1/12*h**4 + 0 - 3*h**s - 4*h. What is g(-5)?
-1
Let b = -2592 - -2587. Let a(v) = v**2 + 4*v + 4. Determine a(b).
9
Suppose 7*y - j + 28 = 2*y, 4*y - 3*j = -29. Let k = y + 5. Suppose -6 = 3*h - k. Let x(a) = 2*a. What is x(h)?
-4
Let u(b) be the third derivative of -b**6/120 - b**5/6 - b**4/4 - 7*b**3/3 + 2*b**2 + 31. What is u(-10)?
46
Let u = -12 - -14. Let o(t) be the first derivative of 9*t**2/2 - t - 123. Determine o(u).
17
Let g(n) = -11*n - 26. Let x(t) = -32*t - 80. Let f(q) = -11*g(q) + 4*x(q). Let k be f(-4). Let v(z) = z - 1. Calculate v(k).
-7
Let p(j) = 1. Let i(m) = -m**3 + 7*m**2 - 6*m + 1. Let v be i(6). Let z(f) = -2*f + 4. Let u(g) = v*z(g) + 4*p(g). What is u(8)?
-8
Let k(n) = -3*n - 25. Suppose 6*p + 220 = 178. Determine k(p).
-4
Let v(x) = -3*x. Let p(d) be the third derivative of d**4/24 + d**3/6 - d**2. Let t(f) = -4*p(f) - 2*v(f). Calculate t(3).
2
Let t(h) = h**2 - 50*h + 170. Let y(v) = -6*v + 21. Let o(c) = 2*t(c) - 17*y(c). Give o(-5).
23
Let y(g) be the first derivative of -g**3/3 - 3*g**2 - g + 1. Let t(r) be the first derivative of y(r). Suppose -10*x - 38 = 2. What is t(x)?
2
Let i(a) = -a**2 - a + 1. Let l(t) = -4*t**2 - 12*t - 7. Let n(m) = 3*i(m) - l(m). Let c be 6/(-1) + 1 - 2. Let y be n(c). Le